 c be (-2586)/24 - 1/4. Let k = 207 + c. What is the units digit of k?
9
Let g be 4 - ((-1)/1 - -3). Suppose -80 = g*v - 3*v. Suppose 0 = -5*y - 0 + v. What is the tens digit of y?
1
What is the units digit of ((-1935)/9)/((-2)/14)?
5
Let c be (-57)/95*(-20)/6. Let h = 2 + c. Suppose -5*d = -2*v - 59, -14 = 2*d - 4*d - h*v. What is the tens digit of d?
1
Let l(x) = 12*x - 9. Let f be l(4). Suppose -t + 5*d + 77 = -f, -5*d - 10 = 0. What is the hundreds digit of t?
1
Let x(j) = 93*j + 627. What is the tens digit of x(10)?
5
Let k = -368 + 2262. What is the tens digit of k?
9
Let w(a) = a**3 + 2*a**2 - a + 16. What is the hundreds digit of w(9)?
8
Let h(u) = 7*u**2 + 3*u - 11. Let d be h(-4). Suppose 125 = -84*f + d*f. What is the tens digit of f?
2
Suppose -k + 32 = -3. Let s = 99 + k. What is the units digit of s?
4
Suppose 3*p + 2*p = 490. Suppose -3*c + 1 = -p. Let n = c - 22. What is the units digit of n?
1
Let l = -62 + 62. Suppose -7*y + 223 + 351 = l. What is the tens digit of y?
8
Suppose 4*n - 6509 = 4215. What is the hundreds digit of n?
6
Suppose 2*u = 7 - 3. Let m(i) = i + 4 - 6 + 6*i**u + 2*i - i**3 - 4. What is the tens digit of m(6)?
1
Suppose -f = -2*f + 25. Suppose -y - f = -6*y, -5*i + 140 = y. What is the tens digit of i?
2
Suppose -60 = -0*r + 5*r. Let o = r + 32. What is the units digit of o?
0
Suppose -l + 10 = 4*l. Suppose l*i = 4*i - 5*q - 16, 0 = 4*i - 3*q - 32. Suppose -i*o + 322 = -o. What is the tens digit of o?
4
Let z(x) = 3*x + x**3 + 4*x**2 - 2*x - 6*x. Let o be z(-4). Let k = 30 - o. What is the units digit of k?
0
Let f(s) = s**2 + 14*s + 36. Let a be f(-11). Suppose -6*p + 3*j = -3*p - 597, 2*p + a*j = 408. What is the units digit of p?
1
Let x(z) = 2*z**2 - 6*z + 5*z - 3*z - 31 + 13*z. What is the tens digit of x(7)?
3
Let x = 1 - -79. What is the tens digit of (-248)/(-10) - (3 + x/(-25))?
2
What is the units digit of ((-5)/((-25)/3105) - -4) + 5?
0
Let x = 11 + 49. Let j be ((-8)/(-10))/((-8)/x). What is the tens digit of j/(-2)*124/12?
3
Let u(t) = -33*t + 3. Let d be u(3). Let v be 50/(-2)*d/40. Let m = v + -14. What is the units digit of m?
6
Let s = -63 - -102. Suppose c + 4*f - s = 41, -c + 70 = 2*f. What is the units digit of c - (-2 - -9 - 3)?
6
Suppose 0*t = -t - 1. Let z(a) = -a**3 - 9*a**2 - 10*a - 12. Let y be z(-8). What is the units digit of t - y/((-4)/31)?
0
Suppose -x = 0, 0 = o - x - 0*x - 17. What is the tens digit of o?
1
Suppose q + 2*q - 9 = 0. Suppose -f + 4*v = 20, q*f + 5*v - 15 = 2*v. What is the tens digit of (-66)/(-2) + f/3?
3
Let i(r) = 6*r**2 + 2*r + 16. Let l = 159 - 164. What is the units digit of i(l)?
6
Suppose 7 = 4*n - 9. What is the units digit of 10/n + (-75)/(-30)?
5
Suppose 6*n - 11*n - 45 = 0. Let f = n - -150. What is the tens digit of f?
4
What is the units digit of ((-6)/10)/(39/(-147355))?
7
Suppose 5*u + p + 86 = 2*p, -2*p + 53 = -3*u. Let r = u + 42. Let n = r + -7. What is the tens digit of n?
1
Let j(b) = -8*b**2 - 113*b - 12. Let o be j(-13). Let i(n) = n. Let r be i(4). Suppose -5*u = -2*v - o, 4*v + 68 = r*u - 4. What is the tens digit of u?
2
Let o = -124 + 268. Let i = o + -108. What is the units digit of i?
6
Suppose -4*x - 4 = -12. Suppose -4*c + 4*z = -120, -c - 3*z - 40 = -x*c. What is the tens digit of c?
2
Let s be 2/(-5) - (-657)/(-45). Let n = s - -17. Suppose i - n = -2*a, -1 = 3*a + 5*i + 3. What is the units digit of a?
2
Let l = 11 - 248. What is the units digit of (1*(-2)/3)/(2/l)?
9
Suppose 11424 = 63*v - 57*v. What is the hundreds digit of v?
9
Let x(f) = 3*f**2 - 3*f + 7. Let l be x(-5). Suppose 0 = 5*h - 118 - l. What is the units digit of h?
3
Suppose -2*i - 3 + 15 = 0. Let w(a) = 2*a**3 - 9*a**2 + 7*a - 13. Let y be w(i). Let g = y + -86. What is the units digit of g?
1
Suppose -8 - 56 = -2*j - 4*g, 0 = 2*j - 4*g - 24. Let t be 1/(-2) - (-554)/4. Suppose j = 4*u - t. What is the units digit of u?
0
Let m be -6 - 70/(-4) - 1/(-2). Let q(z) = -z**3 + 15*z**2 - 23*z + 2. What is the tens digit of q(m)?
5
What is the hundreds digit of (-16497)/(-39) - 0/(-2)?
4
Let r = 3067 + -2344. What is the tens digit of r?
2
Suppose -f + 1684 = -1148. What is the units digit of f?
2
Let m(q) = -q + 13. Suppose 76 - 11 = 5*c. Let s be m(c). Suppose -5*p + 10 = -s. What is the units digit of p?
2
What is the units digit of 38/((1 + 2)/21)?
6
Let x(q) = 23*q + 22. Let m be x(-10). What is the tens digit of m/(-5) - (-6)/(-10)?
4
Suppose 4410 = -12*n + 17*n. What is the units digit of n?
2
Let t be -4*1*(-9)/(-4). Let g(x) = -24 + 11 + 12 - 2*x. What is the units digit of g(t)?
7
Suppose -4*t - 10854 = -2*k, 223*k = 225*k + 5*t - 10836. What is the units digit of k?
3
Let q(y) be the first derivative of -131*y**2/2 - 15*y + 33. What is the hundreds digit of q(-2)?
2
Suppose 2*x = -4*x. Suppose x = 4*h - 0*m + 3*m - 29, -5*h + 4*m + 13 = 0. What is the units digit of h?
5
What is the units digit of 113392/60 - 34/(-255)?
0
Let m = -62 + 37. Let d = m + 34. Suppose -6*z = -d*z + 96. What is the units digit of z?
2
Suppose 10*s - 458 - 1122 = 0. Suppose 3*d = 5*d - 5*u - s, -5*d + 461 = 4*u. What is the tens digit of d?
8
Let u(k) = 3*k + 0*k**3 - 3*k**2 - 5*k + k**3 + 2 - 6. Let g be u(4). Suppose -j = -0*h + 5*h - 1, 0 = -g*j - 16. What is the units digit of h?
1
Let g(i) = 137*i**2 + 9*i - 14. What is the tens digit of g(2)?
5
Suppose 7 - 11 = -2*q. Suppose q*x = 3*w + 91, -4*x = -5*x - 4*w + 62. What is the tens digit of x?
5
Let t(z) = -2*z**2 - 4*z - 2. Let j be t(-2). Let r be ((-3)/(-2))/(((-78)/(-160))/13). What is the tens digit of r/(-6)*3/j?
1
Suppose 9*i = -11*i + 18*i. What is the tens digit of (78 + 0)/2*(i - -2)?
7
Let l be (-2894)/(-14) - 6/(-21). Let u = l + -101. Suppose -3*v - 3*r + 39 = -75, 3*v + r = u. What is the units digit of v?
4
What is the units digit of 1633 - (1 + 0 + 0)?
2
Suppose 8*h + 98 = h. What is the tens digit of 36/126 - 3104/h?
2
Suppose -7*v = -4*v - 15. Suppose 0 = -v*j + 4*j + 5. Suppose -j*i = 4*d - 235, -4*i + 71 = -2*d + 221. What is the units digit of d?
5
Suppose 0 = -43*l + 27*l + 7840. What is the hundreds digit of l?
4
Suppose -10*x - 22*x = -10976. What is the units digit of x?
3
What is the tens digit of 7258/20 - 18/(-180)?
6
Let q(j) = -j**3 + 7*j**2 + j - 6. Let w be q(7). Let t(a) = -106*a. Let o be t(w). What is the tens digit of (4 + -5)/(2/o)?
5
Let z = 145 + -72. Suppose -7*u + z = -60. What is the units digit of u?
9
Let k = 14 + -18. Let d be ((-78)/(-8))/((-1)/k). Let z = d - 15. What is the tens digit of z?
2
Let a(w) = 17*w + 1. Let o(h) = 17*h + 1. Let l(q) = -3*a(q) + 4*o(q). Let k be -5 + 9 + -1*3. What is the tens digit of l(k)?
1
Suppose 0 = -4*h + 2*r + 30, 5*r + 50 = 4*h + h. Suppose 0 = -3*p + 6, -5*u + 11 + h = 3*p. Suppose -u - 1 = -w. What is the units digit of w?
3
Let d be (12/(-14))/((-3)/(-21)). What is the units digit of (3 - 255/d) + 12/(-8)?
4
Let y(b) = 175*b - 277. What is the tens digit of y(26)?
7
Let q(h) = -7*h - 4. Let j(o) = 2*o + 1. Let m(g) = -9*j(g) - 2*q(g). Suppose -2 = t - 2*y + y, 17 = -4*t - 5*y. What is the tens digit of m(t)?
1
Suppose 5*j - 52 = 4*s, -3*s + 2*j - 47 = -8. What is the hundreds digit of (s/(-4) - 1)/(3/272)?
2
Let q(s) = -s - 13. Let r be q(-18). Suppose 0*n + 5*n - 190 = -r*h, n + 4*h - 53 = 0. What is the tens digit of n?
3
Suppose 33*b - 37*b = 3*c - 3602, -15 = -3*b. What is the units digit of c?
4
Let d = -33 + 26. Let z = 11 + d. What is the tens digit of (-1 - 21)*(-2)/z?
1
Suppose -3*g = -0*g + 3*k - 24, 4*g - 2*k - 2 = 0. Suppose -30 = -g*m - 2*m. Suppose 2*i - m*r + 3*r = 160, 2*i + r = 160. What is the units digit of i?
0
Let q(o) = -o**3 + 21*o**2 - 21*o - 47. What is the hundreds digit of q(17)?
7
Let v = 167 + -265. Suppose -108 = 5*m + 242. Let z = m - v. What is the tens digit of z?
2
Suppose -106 = 7*p - 484. Suppose -5*x - 2*y + 5*y + 90 = 0, 3*x - 5*y = p. What is the units digit of x?
8
Let b(x) = 6*x - 1 + 3*x**2 - 10*x + 7*x - 2. Let r be b(2). Suppose 2*p - 3*p = -r. What is the units digit of p?
5
What is the thousands digit of ((-44)/88)/(1/(-4914))?
2
Suppose -72*u + 70*u + 2 = 0. What is the units digit of 93/u + (-1 + 10)/3?
6
Let h(m) = -2*m + 44. Let u(l) = -l**2 + 9*l - 6. Let n be u(5). What is the tens d